ivide 482?
False
Does 12 divide 73?
False
Is 1375 a multiple of 25?
True
Does 11 divide 269?
False
Is 51 a multiple of 51?
True
Is 21945 a multiple of 158?
False
Is 1008 a multiple of 8?
True
Is 136 a factor of 6756?
False
Is 2241 a multiple of 217?
False
Is 1302 a multiple of 7?
True
Is 187 a factor of 26467?
False
Is 16 a factor of 256?
True
Is 23 a factor of 255?
False
Does 2 divide 10?
True
Is 14 a factor of 12493?
False
Does 14 divide 11402?
False
Does 53 divide 651?
False
Is 39 a factor of 3237?
True
Is 12 a factor of 1584?
True
Does 5 divide 3480?
True
Is 37546 a multiple of 127?
False
Is 180 a multiple of 4?
True
Is 5454 a multiple of 12?
False
Does 7 divide 28476?
True
Does 24 divide 5784?
True
Does 12 divide 770?
False
Is 24828 a multiple of 208?
False
Does 92 divide 570?
False
Is 2255 a multiple of 9?
False
Does 37 divide 370?
True
Is 9 a factor of 314?
False
Does 74 divide 2370?
False
Is 700 a multiple of 25?
True
Does 60 divide 5280?
True
Does 22 divide 21447?
False
Is 26322 a multiple of 123?
True
Is 1010 a multiple of 28?
False
Does 13 divide 1261?
True
Is 140224 a multiple of 498?
False
Is 12 a factor of 6396?
True
Is 161 a multiple of 9?
False
Is 37 a factor of 2368?
True
Is 11844 a multiple of 20?
False
Does 2 divide 5?
False
Does 90 divide 6030?
True
Is 709 a multiple of 41?
False
Does 88 divide 704?
True
Is 14 a factor of 10385?
False
Does 69 divide 56718?
True
Does 31 divide 3689?
True
Is 132 a factor of 8976?
True
Is 49646 a multiple of 11?
False
Does 120 divide 2520?
True
Does 98 divide 2548?
True
Is 564 a multiple of 6?
True
Is 156 a multiple of 12?
True
Is 924 a multiple of 69?
False
Does 29 divide 508?
False
Is 15 a factor of 720?
True
Is 393 a multiple of 3?
True
Is 158 a factor of 4740?
True
Does 9 divide 398?
False
Is 1447 a multiple of 20?
False
Is 14 a factor of 1708?
True
Does 98 divide 44280?
False
Is 50 a factor of 17390?
False
Does 15 divide 2985?
True
Is 59 a factor of 39943?
True
Is 5880 a multiple of 70?
True
Is 41 a factor of 8200?
True
Is 52 a factor of 16658?
False
Is 4 a factor of 177?
False
Is 501 a multiple of 20?
False
Does 7 divide 173?
False
Is 12 a factor of 2788?
False
Is 76 a factor of 19790?
False
Is 71677 a multiple of 8?
False
Does 19 divide 589?
True
Is 60 a factor of 23431?
False
Does 17 divide 442?
True
Is 646 a multiple of 38?
True
Does 24 divide 1687?
False
Is 202 a multiple of 2?
True
Is 2672 a multiple of 5?
False
Does 29 divide 4051?
False
Does 5 divide 385?
True
Is 7 a factor of 254?
False
Is 23 a factor of 50945?
True
Is 48 a factor of 1872?
True
Is 791 a multiple of 53?
False
Does 9 divide 45549?
True
Is 364 even?
True
Is 682 a multiple of 10?
False
Does 48 divide 7344?
True
Is 27244 a multiple of 56?
False
Is 118 a factor of 28202?
True
Is 70 a factor of 1898?
False
Does 5 divide 65?
True
Is 22 a factor of 22743?
False
Does 16 divide 2983?
False
Is 6489 a multiple of 101?
False
Is 13 a factor of 442?
True
Is 16 a factor of 414?
False
Is 3 a factor of 612?
True
Is 74 a factor of 740?
True
Does 11 divide 15257?
True
Is 4390 a multiple of 11?
False
Does 104 divide 14976?
True
Is 11 a factor of 1760?
True
Does 2 divide 375?
False
Is 47 a factor of 4418?
True
Is 748 a multiple of 97?
False
Is 163 a factor of 47705?
False
Is 6868 a multiple of 137?
False
Does 5 divide 11275?
True
Is 1078 a multiple of 14?
True
Does 23 divide 129?
False
Is 3816 a multiple of 36?
True
Is 1284 a multiple of 12?
True
Is 11 a factor of 1045?
True
Is 10 a factor of 5396?
False
Is 2310 a multiple of 11?
True
Is 8 a factor of 26?
False
Does 19 divide 4728?
False
Is 39 a factor of 7995?
True
Is 1491 a multiple of 5?
False
Is 27 a factor of 760?
False
Is 2 a factor of 13?
False
Is 10 a multiple of 7?
False
Is 7602 a multiple of 14?
True
Is 13115 a multiple of 10?
False
Is 668 a multiple of 3?
False
Is 23680 a multiple of 16?
True
Does 48 divide 4255?
False
Is 1470 a multiple of 30?
True
Is 950 a multiple of 19?
True
Is 445 a multiple of 16?
False
Does 56 divide 8904?
True
Does 63 divide 39312?
True
Does 2 divide 1233?
False
Does 13 divide 3177?
False
Is 32 a factor of 1088?
True
Is 2692 a multiple of 5?
False
Is 1311 a multiple of 39?
False
Is 5 a factor of 844?
False
Is 11 a factor of 2343?
True
Is 880 a multiple of 22?
True
Does 2 divide 111?
False
Is 8 a factor of 1413?
False
Is 420 a multiple of 5?
True
Is 4 a factor of 733?
False
Is 11 a factor of 979?
True
Is 252 a multiple of 14?
True
Is 10 a factor of 5430?
True
Does 29 divide 114608?
True
Does 65 divide 2145?
True
Does 3 divide 102?
True
Is 4696 a multiple of 26?
False
Does 30 divide 1530?
True
Is 10 a factor of 3660?
True
Is 99 a multiple of 2?
False
Does 21 divide 122?
False
Is 28 a factor of 84?
True
Does 19 divide 55994?
False
Does 31 divide 3131?
True
Is 8469 a multiple of 4?
False
Is 24 a factor of 162?
False
Is 53 a factor of 29726?
False
Is 2934 a multiple of 5?
False
Is 3630 a multiple of 30?
True
Does 10 divide 235?
False
Does 4 divide 2472?
True
Is 5325 a multiple of 15?
True
Is 546 a multiple of 13?
True
Is 2 a factor of 2115?
False
Is 14 a factor of 3906?
True
Is 1063 a multiple of 11?
False
Is 202 a factor of 3480?
False
Is 9 a factor of 5570?
False
Is 62 a factor of 2027?
False
Is 13 a factor of 234?
True
Is 16 a factor of 1088?
True
Does 45 divide 364?
False
Is 135002 a multiple of 38?
False
Is 4 a factor of 6640?
True
Does 71 divide 142?
True
Is 1448 a multiple of 362?
True
Is 42 a factor of 10535?
False
Is 93 a factor of 96678?
False
Is 15086 even?
True
Is 53 a factor of 4407?
False
Is 1488 a multiple of 62?
True
Does 24 divide 2376?
True
Is 30 a multiple of 9?
False
Is 1448 a multiple of 9?
False
Is 5 a factor of 287?
False
Does 2 divide 489?
False
Is 148 a factor of 33004?
True
Is 36 a factor of 396?
True
Is 40 a factor of 53640?
True
Is 684 a multiple of 36?
True
Is 15 a factor of 609?
False
Is 228 a multiple of 12?
True
Does 23 divide 10028?
True
Is 73 a factor of 4353?
False
Is 10940 a multiple of 20?
True
Is 8 a factor of 248?
True
Does 21 divide 4910?
False
Is 30675 a multiple of 34?
False
Is 8372 a multiple of 23?
True
Is 455 a multiple of 7?
True
Is 1955 a multiple of 13?
False
Is 47 a factor of 80511?
True
Does 3 divide 72?
True
Does 18 divide 35694?
True
Is 491 a multiple of 9?
False
Is 5018 a multiple of 13?
True
Is 4080 a multiple of 18?
False
Does 2 divide 997?
False
Is 70 a factor of 26810?
True
Is 1465 a multiple of 71?
False
Is 20 a factor of 920?
True
Does 19 divide 1520?
True
Is 55899 a multiple of 216?
False
Is 28 a factor of 621?
False
Does 31 divide 66433?
True
Is 94 a factor of 4982?
True
Is 462 a multiple of 6?
True
Is 22 a factor of 1122?
True
Is 83 a factor of 3319?
False
Is 3485 a multiple of 41?
True
Is 20118 a multiple of 47?
False
Is 50 a factor of 1207?
False
Does 29 divide 492?
False
Does 43 divide 16335?
False
Does 58 divide 3665?
False
Is 10 a factor of 760?
True
Is 7161 a multiple of 33?
True
Is 288 a multiple of 18?
True
Is 143 a multiple of 7?
False
Is 951 a multiple of 28?
False
Is 1330 a multiple of 10?
True
Is 26570 a multiple of 13?
False
Is 284 a factor of 25476?
False
Is 7 a factor of 6928?
False
Is 2566 a multiple of 62?
False
Does 12 divide 3501?
False
Is 79 a factor of 237?
True
Is 34 a factor of 1802?
True
Does 10 divide 34210?
True
Is 77 a factor of 6585?
False
Does 3 divide 435?
True
Is 440 a multiple of 55?
True
Is 61 a factor of 7715?
False
Is 67 a factor of 1407?
True
Is 52712 a multiple of 18?
False
Is 30 a factor of 1873?
False
Does 75 divide 13500?
True
Is 3927 a multiple of 51?
True
Does 15 divide 17580?
True
Does 60 divide 120?
True
Is 4046 a multiple of 17?
True
Is 7 a factor of 257?
False
Is 13 a factor of 18018?
True
Is 6 a factor of 6336?
True
Is 50 a factor of 50?
True
Does 28 divide 1125?
False
Does 29 divide 5845?
False
Does 117 divide 40517?
False
Is 134 a factor of 7967?
False
Is 6 a factor of 798?
True
Does 60 divide 17853?
False
Does 22 divide 176?
True
Is 13 a factor of 2178?
False
Does 14 divide 1218?
True
Does 11 divide 550?
True
Is 3 a factor of 2139?
True
Is 64 a factor of 2560?
True
Is 4392 a multiple of 7?
False
Is 201 a multiple of 3?
True
Is 4 a factor of 7776?
True
Is 5184 a multiple of 36?
True
Is 1165 a multiple of 158?
False
Is 11 a factor of 81914?
F